 = -8*k + 166424 + 61624. Suppose 3*r = 3*h - k, 2*h + r - 18995 = 6*r. Is h composite?
True
Let h(o) = -o**3 + o**2 - 94*o + 258527. Is h(0) a composite number?
False
Suppose -14*o - 241840 = -34*o. Suppose 101*y - 99*y - o = 0. Is y composite?
True
Suppose 16*o - 91309 = -20669. Let a = 606 + o. Is a a composite number?
False
Let j(p) = 28*p**2 - 30*p - 29. Let t be j(-29). Suppose 65291 = 4*d - 5*f + t, -2*d + 20440 = 3*f. Is d composite?
False
Let n = -147550 - -249251. Let w = n + -54164. Is w a composite number?
True
Let g(p) = -21*p**2 - 11. Let j(d) = -10*d**2 - d - 4. Let o(f) = 4*g(f) - 9*j(f). Let l be 2 - (-14)/((-2)/1). Is o(l) prime?
True
Let m = -346 + 316. Is 5/m + 277175/30 a composite number?
False
Is (165674/8)/(2/((-88)/(-11))) a composite number?
False
Is (-13 - -294)*((-580)/(-4) - (-1 + -3)) prime?
False
Let m be 2/8 - (-47875)/4. Let y = m - 5164. Suppose 1167 = -2*x + y. Is x a prime number?
True
Let a be (2/2)/((-8)/80). Is ((-164)/a)/((-38)/(-1045)) a composite number?
True
Suppose -13*v = -7*v. Suppose -2*y - 2*w + 1114 = -1906, -5*y + 2*w + 7557 = v. Is y composite?
False
Let t be 7/(84/(-159)) - 1/(-4). Let k be t/52 - (-2)/8. Suppose k = 5*g - 750 - 145. Is g prime?
True
Suppose 29*u - 25*u + 2*f = 667180, -3*u = -3*f - 500421. Is u composite?
False
Let k = 111 + -94. Suppose k - 3 = -7*p. Is (-2*(1 - -1150))/p composite?
False
Let b(y) = 33*y**2 + 171*y - 997. Is b(6) composite?
False
Let q(h) = 1539*h + 59. Is q(28) a prime number?
True
Let t(b) = b**2 - 14*b - 68. Let z be t(18). Suppose -2*m + 3696 = z*r - 1780, -r + m + 1363 = 0. Is r composite?
False
Let n(o) = 1086*o**2 - 857*o**2 + 11 - 4*o + 12*o. Is n(-2) prime?
True
Let b = 37 + -57. Let p(h) = -3*h**3 + 14*h**2 + 38*h + 225. Is p(b) a composite number?
True
Let i(d) = 58*d**3 - d**2 - 21*d + 239. Is i(7) a composite number?
False
Suppose -20*m + 31*m = -8*m + 2776223. Is m prime?
True
Let k = -735784 + 1602587. Is k prime?
False
Let n = 136 - 196. Let d be 15/(-1 - (-28)/16). Is d/n*(0 - 471) a prime number?
True
Let q(x) = 271*x**2 + 210*x + 3406. Is q(-15) composite?
False
Let k = 194 + -203. Let s(o) = -o**3 + 7*o**2 - 14*o - 31. Is s(k) composite?
True
Suppose 5*l - 2*l + 24733 = 2*w, -5*w - 32985 = 4*l. Is (l/(-10))/(1/2) a prime number?
False
Let o = 26674 + -15627. Is o composite?
False
Is -5 - (-3 - 0/1 - 4407) a composite number?
True
Let j(p) = 883*p**2 - 19*p + 281. Is j(9) a prime number?
True
Suppose -o - 4*f + 62423 = 0, 312187 = 5*o + 50*f - 54*f. Is o composite?
True
Is (12/20)/(2/230)*(-60035)/(-15) a composite number?
True
Suppose -44*p + 130320 = -34*p. Suppose -5*j - p = -39317. Is j a prime number?
False
Suppose 21750*p = 21793*p - 8642011. Is p a prime number?
False
Suppose 17*j - 14*j + 229736 = 5*n, -3*n + 137794 = 5*j. Is n composite?
False
Let d = -617 - -2978. Let c = d + -1112. Is c prime?
True
Is (-320 + 42246)*(-29)/(-2) prime?
False
Let n = 631 - 366. Suppose -n*j + 340 = -261*j. Is j composite?
True
Let m(z) = 6*z**2 + z + 71. Let x = -289 + 281. Is m(x) composite?
True
Let l = 2643 - -6715. Let k = l + -4967. Is k a composite number?
False
Let d(j) = 44*j**2 - 74*j - 65. Let u = -482 - -461. Is d(u) prime?
False
Let k = -151887 - -253368. Suppose k = 4*f - 3*y, 4*f - 38380 = 5*y + 63107. Is (-4)/(-12) - (f/9)/(-1) a prime number?
True
Suppose 0*u - u = -6156. Suppose 0 = 26*h + 51948 + 25246. Let i = u + h. Is i a composite number?
False
Let y = 25973 + 10628. Is y a prime number?
False
Is ((-3071 - -4)*2/4)/(13/(-286)) composite?
True
Let t be 25/5 - (-12)/(-6). Suppose -b + t*v = -v - 8, 3*v + 6 = 3*b. Suppose -w + 6*w - 4*g - 919 = 0, b = -3*w + 4*g + 545. Is w a composite number?
True
Let b(x) = 6*x**3 + 88*x**2 - 42*x - 165. Let h be b(-15). Let c be 2/(-6) + (-16)/(-3). Suppose -h*d + 96670 = -c*d. Is d composite?
True
Suppose -2*k - 18 = -4*p, 0 = 2*p + 2*p + 5*k - 11. Let j be (2/p + -2)*-2. Suppose j*z - 4*z = -5873. Is z a prime number?
False
Suppose -13*u - 2090 = -35*u. Is -1 - 2 - (-19)/(u/21530) composite?
True
Let x(r) = -416*r**3 + 9*r**2 + 21*r + 43. Is x(-5) prime?
True
Let f(n) = 109*n**2 + 7*n + 5. Let a = 189 - 306. Let u = -119 - a. Is f(u) prime?
False
Let m = 87455 - -194532. Is m prime?
False
Let i be -8 - (-6 + 3 + -320). Suppose 0 = -4*p - 4*f + 556, -f + i = 4*p - 247. Is p a composite number?
True
Suppose 4*w - 4 = 4*n + 16, 0 = 2*w + n - 7. Suppose p + k = -p + 3014, w*k = 0. Is p a composite number?
True
Suppose 0 = 2*j + 921 - 5103. Suppose 5*x - 2*v - j = 0, -5*x - 12*v + 7*v = -2105. Is x prime?
True
Is (-31469)/(3/(-6) - 4/8) a composite number?
False
Let t be (-1)/6 + 38/12. Suppose -3*p - t*n - 13722 = 0, 4*p = p - 4*n - 13720. Is (-18)/30 - p/10 prime?
True
Is (-82724)/(-16)*12*8/12 a composite number?
True
Let c(w) = -4*w - 10. Let j be c(11). Let p = j + 57. Suppose -4417 = -4*s - p*s. Is s composite?
False
Suppose 4*p + 235302 = 2*i, -p = -5*i + 398309 + 189982. Is i a prime number?
True
Let h(l) = -82*l**3 - 5*l**2 - 3*l + 1. Let f be h(-1). Let p(i) = 5*i**3 + 13 + 71*i**2 - 11*i - f*i**2 + 2*i. Is p(6) a prime number?
False
Let l(x) be the first derivative of -61*x**2 + 11*x + 21. Is l(-25) a prime number?
True
Is (-3)/((4/363788)/((-9)/27)) a prime number?
True
Let g = 3087712 + -1482311. Is g a composite number?
True
Let n(t) be the second derivative of -13*t**4/12 + 3*t**3/2 + 6*t**2 + 29*t. Let i be n(-5). Let c = i + 731. Is c a prime number?
True
Suppose 63*p = 60*p - 5*r + 286243, 4*p = r + 381596. Is p a prime number?
True
Let w(p) = -25302*p + 7097. Is w(-34) a composite number?
True
Suppose -18*r + 152 + 586 = 0. Let j(s) = 700*s - 147. Is j(r) a prime number?
False
Is (-8 + 871/130)*-296290 composite?
True
Suppose -29*b + 34*b = -27*b + 12522592. Is b a composite number?
False
Let v = -71 - -74. Is 199 - (1 - (v - 2)) a composite number?
False
Let x be -2 - 147*4/(-6). Let g = 102 - x. Suppose -9*o = -g*o - 717. Is o prime?
True
Suppose 4 = 4*f - 0. Let w(o) = -2794 + 5587 + 189*o**2 - 2794 + 3*o. Is w(f) a composite number?
False
Is ((-23)/(-322))/((-2)/(-4839764)) + 4/14 a composite number?
False
Let f(z) = -z**3 - 28*z**2 + 57*z - 17. Let b be f(-31). Suppose -8*h + 2733 + b = 0. Is h a prime number?
True
Let a(v) = 7899*v**2 + 9*v + 7. Is a(-1) prime?
False
Suppose -j - 17540 = -h, 7*h = 12*h + 2*j - 87693. Is h composite?
False
Let p(b) = 421*b**2 + 248*b + 1459. Is p(-50) a composite number?
False
Let k(o) = 28*o**2 + 9*o - 17. Let x be k(5). Is ((-33)/(-4))/(78/x) prime?
False
Suppose 0 = 10*o - 1612355 - 3408155. Is o composite?
True
Suppose -36*g + 46*g = 301930. Let j = g + -13056. Is j a composite number?
False
Let a be 66/(-44)*(-18)/(3 + 0). Suppose 21*m - a*m = 19572. Is m a composite number?
True
Suppose 0 = -40*z - 38*z + 7*z + 33975133. Is z prime?
True
Is (-1)/(95/(-15) + 7)*(-45784)/12 composite?
True
Let s(q) = 13*q - 3. Let m be s(1). Suppose 0 = m*b - 16*b + 54354. Is b a composite number?
False
Suppose 0 = -12*q + 596190 - 148182. Let m = q - 25039. Is m a composite number?
True
Let x(k) = k**2 - 17*k + 56. Let l be x(13). Suppose -f + 547 = 4*v - 2926, -l*f + 2*v = -13820. Is f a composite number?
False
Is ((-231873)/(-21))/(2 + 169/(-91)) prime?
True
Let x = -47 - -47. Suppose 0*j = 4*t + 2*j + 14, x = j - 1. Is ((-6)/t)/(18/19164) a composite number?
False
Suppose -93888 = -6*o + 170106. Is o a prime number?
False
Let h = 170 - 170. Is (h - (-87)/6*2)*17 composite?
True
Let l(b) = 2*b**2 - 20*b - 12. Let x be l(11). Suppose -f - x*f = -1727. Is f composite?
False
Let c(f) = 569*f**2 + 15*f - 37. Is c(6) a prime number?
False
Let f(v) = 1777*v**3 + 6*v**2 - 63*v + 173. Is f(3) a composite number?
False
Let m(d) = 918*d**2 - 54*d + 649. Is m(10) composite?
False
Let a be (-284)/(-18) + (-34)/(-153). Let k be (-3)/(-4) - 12/a. Is (-2)/4*(k - -1)*-422 composite?
False
Let r(g) = 3*g**3 - 11*g**2 + 14*g - 3. Let b(z) = -1. Let h(f) = 6*b(f) - r(f). Is h(-7) a composite number?
False
Let f(b) = -3*b - 49. Let t be f(-20). Suppose -3*d + 6 = -5*d, 0 = z - 2*d - t. Let j(o) = 3*o**3 - 5*o**2 - 5*o - 2. Is j(z) composite?
False
Is 2536*30 - (25 - 36) a prime number?
True
Suppose -3*i = -7*h + 3*h + 9749, 3*i + 9755 = -2*h. Let f = 5292 - i. Is